and 9.
3
Let i(f) = -f**3 - 7*f**2 + f - 1. Let w be i(-5). Let t = -8 - w. Calculate the greatest common divisor of t and 12.
12
Let o = -244 - -299. What is the highest common divisor of 165 and o?
55
Suppose -v = -5*z + 274, 0*z - 278 = -5*z + 2*v. Suppose 0*m - 9*m + 54 = 0. Calculate the highest common factor of m and z.
6
Suppose 100*s = 73*s + 567. What is the greatest common factor of 315 and s?
21
Let m = -1281 - -1881. Calculate the greatest common factor of m and 48.
24
Let w(d) = -d**3 + 4*d**2 + 18*d - 20. Let i be w(5). What is the greatest common factor of i and 18?
9
Let p be -2 - (-3 - 1 - 1369). Suppose -5*a = 2*h - p, 5*a + h + 450 = 1823. What is the greatest common factor of 25 and a?
25
Suppose -44 = 2*o + 3*q, -4*o + 3*q - 88 = -q. Let r be o/(-4) + (-2)/4. Suppose r*t - 73 = 72. What is the highest common divisor of 145 and t?
29
Let c be (-18247)/(-142) + 1/(-2). Calculate the greatest common factor of 96 and c.
32
Let d = 31 + -52. Let b = -13 - d. Let y be (6/b)/((-1)/(-8)). Calculate the greatest common factor of y and 4.
2
Let d = 21 + -30. Let a = d + 85. Let k(i) = -i**2 - 70*i + 1294. Let x be k(15). Calculate the greatest common divisor of x and a.
19
Let p(v) = 12*v**2 + 4*v + 8. Let g be p(-3). What is the greatest common divisor of 39 and g?
13
Suppose -15 - 77 = -4*z + 2*o, 113 = 5*z - 2*o. Let k = -65 - -128. What is the highest common divisor of k and z?
21
Let c be ((-308)/(-70))/(3 - (-103)/(-35)). Calculate the greatest common divisor of c and 28.
7
Suppose -4*c + 5*h - 10 = 11, 3*c - 5*h + 22 = 0. Suppose t - c = 49. Let z = 940 - 930. Calculate the greatest common divisor of t and z.
10
Let r(o) = -o**3 - 12*o**2 + 13*o + 24. Let k be r(-11). Let q be (6/(-15))/(3/k). What is the greatest common factor of q and 352?
32
Let r(u) = -u - 6. Let h be r(-6). Suppose 3*j - 32 - 130 = h. Calculate the highest common factor of j and 27.
27
Let n be (56/6)/(1/(-18)*-6). Let w = 22 - 18. Suppose w*j - 2*u - 272 = -0*u, -u + 4 = 0. What is the greatest common factor of n and j?
14
Let j be (-4 + -213)*(-18)/9. What is the highest common factor of j and 186?
62
Let n be 0 + (72 - (4 - 2)). Let c(h) = h**3 + 5*h**2 - 7*h - 2. Let u be c(-6). Suppose u*v - 22 = 18. Calculate the greatest common factor of v and n.
10
Let m be 3/21 + (-5418)/(-147). What is the highest common divisor of 592 and m?
37
Let n = -280 + 432. What is the highest common factor of n and 266?
38
Suppose 0 = 5*o + 15, -3*h - 5*o = -118 - 77. What is the highest common divisor of h and 385?
35
Let n = -115 + 226. Suppose 7*d = n + 36. Let o = 43 + 20. Calculate the highest common factor of o and d.
21
Let z be 1/((2 + -7)/(-30)). Let d be 71*3/z + 5/(-10). Calculate the highest common factor of d and 140.
35
Suppose 0 = 4*w - 16, -w - 17 = -4*x + 27. Suppose -4*b = 5*q + x, -3*q = -b - 5 + 2. Suppose -16 = -q*z - 4*z. What is the greatest common factor of z and 44?
4
Let s(w) = -w**2 + 8*w - 10. Let g be s(4). Let z = 20 + 4. What is the greatest common divisor of g and z?
6
Suppose 0 = -15*y + 14*y + 5. Suppose 2*m - 96 = 4*q + 22, y*q - 163 = -2*m. What is the highest common divisor of 23 and m?
23
Suppose 0 = 2*w + 2*l - 328, -5*w + 144 = -4*w - 4*l. What is the highest common factor of 280 and w?
40
Let l be 30*(28/(-20) - 1). Let i be (-6)/(-10) + l/(-5). Let q = 54 - i. What is the highest common divisor of q and 195?
39
Let f be (-432)/(-90)*(-10)/(-6). Calculate the greatest common factor of f and 12.
4
Suppose 0 = 18*b - 14*b + 2*l - 88, 5*l - 20 = 0. Calculate the greatest common factor of 940 and b.
20
Let l = -40 + 54. What is the highest common divisor of l and 56?
14
Let q be (-394)/(-10) - (-8)/(240/18). Calculate the highest common divisor of 32 and q.
8
Suppose 0 = l + l - 2. Let i(n) = 56*n. Let k be i(l). Let u be (-2)/(-20) - 3614/(-260). What is the highest common divisor of u and k?
14
Let k = 24 - -106. Let a = 250 - k. Calculate the highest common divisor of 48 and a.
24
Suppose 3094 + 1898 = 39*g. Calculate the greatest common divisor of 1 and g.
1
Suppose -35 = -5*r - 5. Suppose -121 + 25 = -r*m. Suppose -i + 0*b = 5*b - 133, -i = 4*b - 132. What is the greatest common divisor of i and m?
16
Suppose -304 = -20*h + 1296. Calculate the greatest common factor of 440 and h.
40
Let c(g) = 3*g + 2. Let k be c(-2). Let q be (-1 - k)/((-2)/(-6)). Suppose -3 = u - 39. What is the highest common divisor of q and u?
9
Suppose 3*o - 14 = 2*x - o, -4*x - 4*o = 28. Let l = 25 + x. Let d be 91 + 0 + (1 - (1 - -1)). What is the highest common divisor of d and l?
18
Let k = -14 + 118. Calculate the highest common factor of k and 13.
13
Suppose 0 = 10*f - 13*f - 4*z + 1289, 5*f - 2090 = 5*z. Let w(j) = -47*j**3 - j**2 - 2*j - 1. Let h be w(-1). Calculate the highest common factor of f and h.
47
Let y(z) = -4*z - 32. Let u be y(-26). Calculate the greatest common factor of 36 and u.
36
Let v(y) = 6 - 8 - y**2 + 12*y - 6. Suppose -l + 26 = 2*c, 4*c + 18 - 82 = -5*l. Let x be v(c). Calculate the greatest common factor of x and 24.
3
Suppose -15*k = -20*k + 110. Calculate the greatest common factor of k and 286.
22
Let j = -305 - -365. Let f = 9 + 6. Calculate the highest common factor of j and f.
15
Let u be ((-2)/(-7))/(1/7). What is the greatest common factor of u and 18?
2
Let t(s) be the first derivative of -5*s**4/4 - 4*s**3/3 - 7*s**2/2 - 5*s + 25. Let n be t(-2). Calculate the greatest common factor of 132 and n.
33
Let g(q) = -2*q**2 + 110*q + 13. Let r be g(53). What is the highest common divisor of 27 and r?
9
Suppose 4*w - 72 = 2*x, 5*w + 26*x - 22*x = 90. What is the highest common factor of w and 261?
9
Let x = 3 - 2. Let n(s) = -s + 1. Let d be n(-19). Suppose -d = -2*l - 0. Calculate the greatest common factor of x and l.
1
Let a be 2/2 - (55 - -4). Let m = a + 59. Let x(d) = d**2 + 9*d - 8. Let u be x(-10). What is the highest common divisor of u and m?
1
Let f = 318 - 282. What is the highest common divisor of 153 and f?
9
Let k(v) = -8*v + 175. Let q be k(-48). What is the highest common factor of q and 39?
13
Suppose 0 = -222*y + 216*y + 810. What is the highest common factor of 27 and y?
27
Let l = -114 + 58. Let d = -50 - l. What is the highest common factor of d and 3?
3
Let j(h) = -8*h + 3. Suppose 5*a - 3*v = -6, -2*a - v - 18 = 3*a. Let p be j(a). Suppose -4*q - 16 = -88. Calculate the greatest common divisor of q and p.
9
Let n = 18 + -14. Suppose 6*p - 290 = 2*p - 2*s, -4*s = n. Suppose -m + 71 = 2*w - p, 0 = -2*w + 3*m + 128. What is the highest common factor of w and 14?
14
Let o = 329 - 284. Calculate the greatest common factor of o and 10.
5
Let c be (-260 - 0)*(-1)/2. Let g = 131 + -121. What is the highest common factor of c and g?
10
Let v be ((-3)/18 - 10/(-12))*6. Let j be v - (-218)/2 - 1. What is the greatest common divisor of 16 and j?
16
Suppose -2*z = -2*w + 4, 5*z + 9 = 5*w - w. Suppose 4 = h + w. Suppose -48 = -h*q + q. Calculate the highest common factor of q and 36.
12
Let s be (-182)/(-8) - 36/48. Suppose -s*y = -18*y - 48. Calculate the highest common factor of 132 and y.
12
Let w = -148 - -156. Let m be w/(24/10 - 18/45). What is the highest common divisor of m and 4?
4
Let w = -7 - -9. Suppose -4*j + 5*t = -35, 2*j = -w*j + 2*t + 50. What is the highest common divisor of 135 and j?
15
Let t(j) = -840*j**2 - j**3 + j + 210 + 840*j**2. Let u be t(0). What is the greatest common factor of u and 21?
21
Suppose -w + 4*o - 28 = -5*w, 5*w - 20 = -2*o. Let d(l) = -l**w + 0*l**2 + 0 + 0 + 9*l + 12. Let k be d(10). What is the highest common divisor of k and 2?
2
Suppose 4*a - 40 = 9*a. Let v = 32 + a. What is the greatest common factor of v and 12?
12
Let c = -11 - -10. Let p be -2*c/(-6)*3 + 13. What is the greatest common factor of 96 and p?
12
Suppose -6*k = -821 + 227. What is the highest common factor of 55 and k?
11
Let x be (-114)/(-15) - (9/15 - 1). What is the greatest common divisor of x and 56?
8
Let n(x) = -13*x - 773. Let z be n(-61). What is the greatest common divisor of 500 and z?
20
Let g be (-196)/10*2*(-5)/2. Calculate the highest common divisor of 147 and g.
49
Suppose 0*d + 540 = 10*d. What is the greatest common divisor of 306 and d?
18
Let n(j) = j**3 - 21*j**2 + 21*j - 4